{"id":28,"date":"2025-02-08T09:03:45","date_gmt":"2025-02-08T09:03:45","guid":{"rendered":"https:\/\/cileligrupenerji.com.tr\/?page_id=28"},"modified":"2025-05-10T11:37:43","modified_gmt":"2025-05-10T11:37:43","slug":"projelerimiz","status":"publish","type":"page","link":"https:\/\/cileligrupenerji.com.tr\/?page_id=28","title":{"rendered":"Projelerimiz"},"content":{"rendered":"\n<p class=\"has-text-align-center\"><strong>G\u00dcNE\u015e ENERJ\u0130 S\u0130STEMLER\u0130M\u0130Z<\/strong><\/p>\n\n\n\n<div class=\"alignnormal\"><div id=\"metaslider-id-168\" style=\"width: 100%;\" class=\"ml-slider-3-98-0 metaslider metaslider-flex metaslider-168 ml-slider ms-theme-cubic has-dots-nav\" role=\"region\" aria-roledescription=\"Slideshow\" aria-label=\"New Slideshow\" data-width=\"700\">\n    <div id=\"metaslider_container_168\">\n        <div id=\"metaslider_168\">\n            <ul class='slides'>\n                <li style=\"display: block; width: 100%;\" class=\"slide-169 ms-image \" aria-roledescription=\"slide\" aria-label=\"slide-169\" data-date=\"2025-05-10 11:28:32\"><img loading=\"lazy\" decoding=\"async\" src=\"https:\/\/cileligrupenerji.com.tr\/wp-content\/uploads\/2025\/05\/cileli-gunes-enerji-sistemleri-9-scaled-700x300.jpg\" height=\"300\" width=\"700\" alt=\"\" class=\"slider-168 slide-169\" title=\"cileli gunes enerji sistemleri 9\" \/><\/li>\n                <li style=\"display: none; width: 100%;\" class=\"slide-171 ms-image \" aria-roledescription=\"slide\" aria-label=\"slide-171\" data-date=\"2025-05-10 11:28:33\"><img loading=\"lazy\" decoding=\"async\" src=\"https:\/\/cileligrupenerji.com.tr\/wp-content\/uploads\/2025\/05\/cileli-gunes-enerji-sistemleri-4-scaled-700x300.jpg\" height=\"300\" width=\"700\" alt=\"\" class=\"slider-168 slide-171\" title=\"cileli gunes enerji sistemleri 4\" \/><\/li>\n                <li style=\"display: none; width: 100%;\" class=\"slide-172 ms-image \" aria-roledescription=\"slide\" aria-label=\"slide-172\" data-date=\"2025-05-10 11:28:33\"><img loading=\"lazy\" decoding=\"async\" src=\"https:\/\/cileligrupenerji.com.tr\/wp-content\/uploads\/2025\/05\/cileli-gunes-enerji-sistemleri-8-scaled-700x300.jpg\" height=\"300\" width=\"700\" alt=\"\" class=\"slider-168 slide-172\" title=\"cileli gunes enerji sistemleri 8\" \/><\/li>\n                <li style=\"display: none; width: 100%;\" class=\"slide-173 ms-image \" aria-roledescription=\"slide\" aria-label=\"slide-173\" data-date=\"2025-05-10 11:28:33\"><img loading=\"lazy\" decoding=\"async\" src=\"https:\/\/cileligrupenerji.com.tr\/wp-content\/uploads\/2025\/05\/cileli-gunes-enerji-sistemleri-10-700x300.jpg\" height=\"300\" width=\"700\" alt=\"\" class=\"slider-168 slide-173\" title=\"cileli gunes enerji sistemleri 10\" \/><\/li>\n                <li style=\"display: none; width: 100%;\" class=\"slide-174 ms-image \" aria-roledescription=\"slide\" aria-label=\"slide-174\" data-date=\"2025-05-10 11:28:33\"><img loading=\"lazy\" decoding=\"async\" src=\"https:\/\/cileligrupenerji.com.tr\/wp-content\/uploads\/2025\/05\/cileli-gunes-enerji-sistemleri-700x300.jpg\" height=\"300\" width=\"700\" alt=\"\" class=\"slider-168 slide-174\" title=\"cileli gunes enerji sistemleri\" \/><\/li>\n                <li style=\"display: none; width: 100%;\" class=\"slide-175 ms-image \" aria-roledescription=\"slide\" aria-label=\"slide-175\" data-date=\"2025-05-10 11:28:33\"><img loading=\"lazy\" decoding=\"async\" src=\"https:\/\/cileligrupenerji.com.tr\/wp-content\/uploads\/2025\/05\/cileli-gunes-enerji-sistemleri-3-700x300.jpg\" height=\"300\" width=\"700\" alt=\"\" class=\"slider-168 slide-175\" title=\"cileli gunes enerji sistemleri 3\" \/><\/li>\n                <li style=\"display: none; width: 100%;\" class=\"slide-176 ms-image \" aria-roledescription=\"slide\" aria-label=\"slide-176\" data-date=\"2025-05-10 11:28:33\"><img loading=\"lazy\" decoding=\"async\" src=\"https:\/\/cileligrupenerji.com.tr\/wp-content\/uploads\/2025\/05\/cileli-gunes-enerji-sistemleri-7-700x300.jpg\" height=\"300\" width=\"700\" alt=\"\" class=\"slider-168 slide-176\" title=\"cileli gunes enerji sistemleri 7\" \/><\/li>\n                <li style=\"display: none; width: 100%;\" class=\"slide-177 ms-image \" aria-roledescription=\"slide\" aria-label=\"slide-177\" data-date=\"2025-05-10 11:28:33\"><img loading=\"lazy\" decoding=\"async\" src=\"https:\/\/cileligrupenerji.com.tr\/wp-content\/uploads\/2025\/05\/cileli-gunes-enerji-sistemleri-5-700x300.jpg\" height=\"300\" width=\"700\" alt=\"\" class=\"slider-168 slide-177\" title=\"cileli gunes enerji sistemleri 5\" \/><\/li>\n                <li style=\"display: none; width: 100%;\" class=\"slide-178 ms-image \" aria-roledescription=\"slide\" aria-label=\"slide-178\" data-date=\"2025-05-10 11:28:33\"><img loading=\"lazy\" decoding=\"async\" src=\"https:\/\/cileligrupenerji.com.tr\/wp-content\/uploads\/2025\/05\/cileli-gunes-enerji-sistemleri-6-scaled-700x300.jpg\" height=\"300\" width=\"700\" alt=\"\" class=\"slider-168 slide-178\" title=\"cileli gunes enerji sistemleri 6\" \/><\/li>\n            <\/ul>\n        <\/div>\n        \n    <\/div>\n<\/div><\/div>\n\n\n\n<p><\/p>\n","protected":false},"excerpt":{"rendered":"<p>G\u00dcNE\u015e ENERJ\u0130 S\u0130STEMLER\u0130M\u0130Z<\/p>\n","protected":false},"author":1,"featured_media":0,"parent":0,"menu_order":0,"comment_status":"closed","ping_status":"closed","template":"fullwidth.php","meta":{"_joinchat":[],"footnotes":""},"class_list":["post-28","page","type-page","status-publish","hentry"],"_links":{"self":[{"href":"https:\/\/cileligrupenerji.com.tr\/index.php?rest_route=\/wp\/v2\/pages\/28","targetHints":{"allow":["GET"]}}],"collection":[{"href":"https:\/\/cileligrupenerji.com.tr\/index.php?rest_route=\/wp\/v2\/pages"}],"about":[{"href":"https:\/\/cileligrupenerji.com.tr\/index.php?rest_route=\/wp\/v2\/types\/page"}],"author":[{"embeddable":true,"href":"https:\/\/cileligrupenerji.com.tr\/index.php?rest_route=\/wp\/v2\/users\/1"}],"replies":[{"embeddable":true,"href":"https:\/\/cileligrupenerji.com.tr\/index.php?rest_route=%2Fwp%2Fv2%2Fcomments&post=28"}],"version-history":[{"count":13,"href":"https:\/\/cileligrupenerji.com.tr\/index.php?rest_route=\/wp\/v2\/pages\/28\/revisions"}],"predecessor-version":[{"id":193,"href":"https:\/\/cileligrupenerji.com.tr\/index.php?rest_route=\/wp\/v2\/pages\/28\/revisions\/193"}],"wp:attachment":[{"href":"https:\/\/cileligrupenerji.com.tr\/index.php?rest_route=%2Fwp%2Fv2%2Fmedia&parent=28"}],"curies":[{"name":"wp","href":"https:\/\/api.w.org\/{rel}","templated":true}]}}